is divided by 109?
0
What is the remainder when 31533 is divided by 686?
663
What is the remainder when 2261 is divided by 232?
173
Calculate the remainder when 2938 is divided by 28.
26
What is the remainder when 6013 is divided by 836?
161
What is the remainder when 1182 is divided by 298?
288
Calculate the remainder when 10835 is divided by 258.
257
Calculate the remainder when 5818 is divided by 64.
58
Calculate the remainder when 1057 is divided by 78.
43
What is the remainder when 21974 is divided by 113?
52
What is the remainder when 483187 is divided by 54?
49
What is the remainder when 109824 is divided by 1716?
0
What is the remainder when 284 is divided by 252?
32
Calculate the remainder when 3494 is divided by 66.
62
What is the remainder when 1290 is divided by 1091?
199
What is the remainder when 6410 is divided by 153?
137
Calculate the remainder when 5077 is divided by 2514.
49
What is the remainder when 154535 is divided by 63?
59
Calculate the remainder when 9152 is divided by 9113.
39
What is the remainder when 131963 is divided by 131963?
0
What is the remainder when 19153 is divided by 6372?
37
What is the remainder when 205358 is divided by 137?
132
What is the remainder when 16880 is divided by 303?
215
What is the remainder when 24864 is divided by 244?
220
What is the remainder when 11326 is divided by 117?
94
What is the remainder when 15043 is divided by 212?
203
Calculate the remainder when 4616 is divided by 1044.
440
What is the remainder when 10285 is divided by 619?
381
What is the remainder when 213687 is divided by 49?
47
What is the remainder when 4340 is divided by 1395?
155
Calculate the remainder when 5879 is divided by 39.
29
What is the remainder when 41 is divided by 23?
18
What is the remainder when 1657314 is divided by 331?
328
Calculate the remainder when 814474 is divided by 23.
21
Calculate the remainder when 8481 is divided by 1694.
11
What is the remainder when 5078 is divided by 121?
117
What is the remainder when 69049 is divided by 87?
58
Calculate the remainder when 427389 is divided by 169.
157
Calculate the remainder when 8978 is divided by 31.
19
What is the remainder when 5082 is divided by 41?
39
What is the remainder when 2532 is divided by 121?
112
Calculate the remainder when 32675 is divided by 2721.
23
Calculate the remainder when 14282 is divided by 1586.
8
What is the remainder when 4836 is divided by 100?
36
Calculate the remainder when 28337 is divided by 367.
78
What is the remainder when 695106 is divided by 173771?
22
Calculate the remainder when 9923 is divided by 14.
11
What is the remainder when 9873 is divided by 3253?
114
Calculate the remainder when 66521 is divided by 1477.
56
What is the remainder when 127025 is divided by 1443?
41
What is the remainder when 1858 is divided by 193?
121
What is the remainder when 23264 is divided by 2907?
8
Calculate the remainder when 586 is divided by 198.
190
What is the remainder when 5784 is divided by 567?
114
What is the remainder when 8147 is divided by 1882?
619
What is the remainder when 2898626 is divided by 105?
101
Calculate the remainder when 13629 is divided by 620.
609
What is the remainder when 2478 is divided by 2478?
0
What is the remainder when 19863 is divided by 9928?
7
What is the remainder when 384 is divided by 157?
70
Calculate the remainder when 37877 is divided by 520.
437
Calculate the remainder when 20092 is divided by 436.
36
What is the remainder when 1897663 is divided by 465?
463
What is the remainder when 10979 is divided by 10385?
594
What is the remainder when 25032 is divided by 117?
111
What is the remainder when 28998 is divided by 3222?
0
Calculate the remainder when 73983 is divided by 18491.
19
Calculate the remainder when 10772 is divided by 3585.
17
What is the remainder when 77368 is divided by 30?
28
What is the remainder when 4718 is divided by 29?
20
Calculate the remainder when 32472 is divided by 32398.
74
Calculate the remainder when 381293 is divided by 33.
11
Calculate the remainder when 65676 is divided by 10936.
60
Calculate the remainder when 136947 is divided by 150.
147
Calculate the remainder when 2229633 is divided by 211.
207
Calculate the remainder when 119723 is divided by 373.
363
What is the remainder when 743 is divided by 107?
101
Calculate the remainder when 6911519 is divided by 24.
23
Calculate the remainder when 3466 is divided by 590.
516
Calculate the remainder when 9019 is divided by 4.
3
Calculate the remainder when 28466 is divided by 1186.
2
What is the remainder when 31975 is divided by 572?
515
What is the remainder when 184649 is divided by 689?
686
What is the remainder when 3244 is divided by 231?
10
What is the remainder when 16078 is divided by 614?
114
Calculate the remainder when 348669 is divided by 512.
509
Calculate the remainder when 2410 is divided by 23.
18
What is the remainder when 348311 is divided by 38?
3
Calculate the remainder when 2786 is divided by 1359.
68
Calculate the remainder when 40484 is divided by 72.
20
What is the remainder when 238709 is divided by 28?
9
What is the remainder when 1241 is divided by 40?
1
Calculate the remainder when 11109 is divided by 505.
504
Calculate the remainder when 6339 is divided by 296.
123
Calculate the remainder when 389128 is divided by 119.
117
Calculate the remainder when 1042827 is divided by 45.
42
What is the remainder when 32836 is divided by 332?
300
Calculate the remainder when 1256 is divided by 17.
15
What is the remainder when 9916 is divided by 40?
36
What is the remainder when 254430 is divided by 37?
18
Calculate the remainder when 8014 is divided by 4.
2
What is the remainder when 10007 is divided by 36?
35
What is the remainder when 10793 is divided by 83?
3
What is the remainder when 705 is divided by 52?
29
Calculate the remainder when 246 is divided by 22.
4
Calculate the remainder when 29499 is divided by 32.
27
Calculate the remainder when 3520 is divided by 168.
160
Calculate the remainder when 23685 is divided by 109.
32
Calculate the remainder when 6711 is divided by 17.
13
Calculate the remainder when 1940 is divided by 112.
36
What is the remainder when 95914 is divided by 19180?
14
What is the remainder when 9198 is divided by 9138?
60
Calculate the remainder when 457 is divided by 89.
12
What is the remainder when 5811 is divided by 167?
133
Calculate the remainder when 11805 is divided by 85.
75
What is the remainder when 486 is divided by 162?
0
What is the remainder when 786 is divided by 310?
166
Calculate the remainder when 190448 is divided by 247.
11
What is the remainder when 12432 is divided by 69?
12
Calculate the remainder when 19044 is divided by 142.
16
Calculate the remainder when 115506 is divided by 23.
0
Calculate the remainder when 22739 is divided by 668.
27
What is the remainder when 10177 is divided by 172?
29
Calculate the remainder when 345 is divided by 3.
0
What is the remainder when 229461 is divided by 13?
11
What is the remainder when 7220 is divided by 83?
82
Calculate the remainder when 749699 is divided by 50.
49
What is the remainder when 51663 is divided by 82?
3
Calculate the remainder when 20587 is divided by 403.
34
What is the remainder when 1097926 is divided by 663?
661
Calculate the remainder when 2309 is divided by 80.
69
What is the remainder when 2794 is divided by 52?
38
What is the remainder when 323701 is divided by 24?
13
Calculate the remainder when 60550 is divided by 1441.
28
Calculate the remainder when 10590 is divided by 101.
86
Calculate the remainder when 4123 is divided by 684.
19
What is the remainder when 660204 is divided by 65?
64
Calculate the remainder when 608144 is divided by 154.
152
What is the remainder when 612135 is divided by 4164?
27
Calculate the remainder when 63698 is divided by 91.
89
Calculate the remainder when 153119 is divided by 6.
5
What is the remainder when 43181 is divided by 8627?
46
What is the remainder when 18934 is divided by 951?
865
Calculate the remainder when 129237 is divided by 31.
29
Calculate the remainder when 366 is divided by 127.
112
Calculate the remainder when 3005 is divided by 1465.
75
Calculate the remainder when 34122 is divided by 11360.
42
What is the re